8
What is the value of -31 - -35 - -6 - (-1 + 4)?
7
Evaluate 81 + -92 - (-43 + 2).
30
Calculate 2 - (-3 + 8 - -1 - 15).
11
Evaluate -3 + 1 + -18 + -12 + 21.
-11
-561 + 592 - (2 + 16)
13
Calculate (-9 - (-16 + 6)) + -14.
-13
(2 - (5 + -9)) + -22
-16
3 + 5 - (-8 + 2 + 7)
7
Evaluate (4 - (23 + -15)) + 2.
-2
Calculate (-42 - (-81 + 27)) + 0 + 10.
22
What is the value of 11 - -3 - (-221 + 213)?
22
Calculate -4 - -7 - (0 - ((1 - -5) + 11)).
20
What is the value of 1 - 14 - ((-60 - -28) + 41)?
-22
What is -3 - -8 - (-1 + 8)?
-2
What is (1 - -6 - -1) + (118 - 119)?
7
(34 - 9) + 10 + -13
22
Evaluate (-47 - -46) + 3 + -14.
-12
Calculate (-9 - (-14 - (-14 - 0))) + (-4 - -30).
17
Evaluate -5 + 0 + 1 + (-214 - -194).
-24
What is the value of 910 - 912 - (-2 + -3 + 1)?
2
Evaluate -12 + -22 + 32 - (7 - -2).
-11
Calculate -12 + (-4 - (-5 - -10)).
-21
Evaluate -8 - (7 + 3 + 3 + 2 + -10).
-13
-763 + 764 + -2 + 3 + 21 + -2
21
What is (5 - 12) + (25 - (5 - 4 - 2))?
19
(0 + -31 - 3) + 13
-21
Calculate -23 + 20 + 37 + -37.
-3
Evaluate 5 + -15 + -34 - (-29 + 14).
-29
Calculate -59 + 48 + (2 + 9 - 3).
-3
What is 10 + (-9 - -6 - 0) + -6 + -13?
-12
-25 + (7 - -9 - 19)
-28
(3 - (5 - 9 - -11)) + 11
7
What is the value of -23 + (-6 - (-3 + 11 + 1 + -13))?
-25
Calculate -23 - (29 + -46 + 1).
-7
What is 2 + 2 + 7 + -13?
-2
What is the value of -52 + 44 - (5 - 16 - (2 - 8))?
-3
What is (45 - (8 + 8)) + (-1 + -3 - -3)?
28
What is the value of -9 + (-6 + -7 + 1 - 4)?
-25
Calculate (61 + -52 - (2 + 8) - -8) + -22.
-15
2 + 1 + -2 + 1 - -3
5
Evaluate -7 - (-44 - -43 - 5 - (-1 + 1)).
-1
Calculate 19 + 15 + -28 + 13.
19
What is the value of -4 + 17 - (9 - -17)?
-13
What is (2 - 14) + (3 + -11 - -5 - 5)?
-20
2 + -23 + (-13 - -29)
-5
6 + 2 + -6 + -12
-10
8 - ((-10 - (-16 - -9 - -3)) + 13)
1
Evaluate -68 - -57 - (-26 - -5).
10
What is 16 - (1 - 4) - (3 - (38 - 27))?
27
-1 + -18 + 25 - 13 - (22 - 0)
-29
What is (-13 - (1 + -10 + -1)) + 23?
20
Calculate -34 + 2 + (0 - (8 + -19)).
-21
What is (122 - (-100 - -228)) + (-1 - 0) + -1?
-8
What is the value of (-12 - (0 + 1)) + -11 + (-6 - -24)?
-6
Calculate -1 + 3 + -2 + 6 + -4.
2
Evaluate -4 + -8 - (-64 + 43).
9
What is -22 - (-33 - (-19 + 6))?
-2
Calculate -2 - (1 + -4) - -10.
11
Evaluate 5 + (-4 - -1 - (21 + 19 + -15)).
-23
-13 + 3 + -8 + 18
0
-10 + 2 + 4 + -2 - -14
8
What is 12 - (-11 - (-5 - 11))?
7
What is the value of 16 + (2 + -2 + -19 + 23 - -3)?
23
What is the value of 10 - (120 + -42 - 46)?
-22
What is the value of (8 - (6 + -13) - (-5 + 2)) + -6?
12
-2 + 12 - (75 - (70 + -11))
-6
Calculate (-1 - -1) + -25 + 34 + 1 + 11.
21
What is the value of 10 + -6 + 13 + -7?
10
(10 - 14) + 6 + -3
-1
What is -14 + (-4 - (-2 + 0 - 4))?
-12
What is -1 - (-41 + 32) - (2 - -16)?
-10
What is 1 + 7 + -17 + -2?
-11
Evaluate -19 - -24 - 14 - -26.
17
What is -1 + 0 + -3 - (-31 + 12 + 25)?
-10
Calculate 10 - (-5 - -11) - (-19 + 25).
-2
What is the value of 8 + 4 + 3 + (3 - 3)?
15
0 - -20 - (227 + -230) - (2 - 9)
30
What is the value of -6 + (-30 - (-12 + -14 + 7))?
-17
What is 10 - (39 + 9 + (-17 - 2))?
-19
What is 9 - (-4 + (-4 - (-7 + 0)) + 2)?
8
Evaluate (11 - -2) + (42 - 24) + -13.
18
Calculate (1 + 20 - (179 + -194)) + -5.
31
What is 34 + (-9 - 3) + -4 + 6 + -9?
15
What is the value of 10 - 28 - ((-3 + 7 - 1) + 4)?
-25
What is 22 + -18 + (-1 - -4)?
7
Evaluate 6 + -1 + (-14 - 1 - (-138 + 145)).
-17
-11 - -6 - (1 + -20 + -15)
29
What is (7 - (-1 - -20 - 3)) + -4 - 9?
-22
Calculate (-5 - (-4 + 1)) + (1 - -5) + 6.
10
(-1 - 0) + 2 - (-29 + 36)
-6
(-4 - -8) + -20 - (0 + 1 + -5)
-12
Evaluate 4 - (19 + -33 - -17 - (5 - -1)).
7
Calculate 7 - (5 - (-12 - 2)).
-12
What is 9 + 16 + -15 + -14 + (-12 - 1)?
-17
Calculate 21 + 2 + -9 - 8.
6
Evaluate -6 + -8 + -12 + 2 + 10.
-14
Evaluate (2 + 2 + -6 - 0) + 11.
9
Calculate 67 + -57 - (9 - -2).
-1
What is the value of (5 - (-4 + 24)) + 0 + (1 - 3)?
-17
23 - (-19 - (-40 + 7))
9
3 + -1 + (9 - 9) + -5 + 3
0
Evaluate 17 + (-21 + -14 - -20).
2
-22 + 31 + (5 - 16)
-2
What is the value of -409 - -415 - (-1 + 0) - (0 + 1)?
6
Calculate (0 - (7 - 4)) + (-5 - -22) + -7.
7
Evaluate 11 + 20 + (-54 - -11).
-12
-24 - (7 - 18) - -11
-2
What is (-10 - -11 - -15) + -12?
4
Calculate (0 - (0 - -1)) + 1 - -2 - -24.
26
What is 10 - (1 + -5 + 3 + -15)?
26
What is -18 - (-7 - (-9 - (16 + -11)))?
-25
What is 15 - (-9 - (3 + -15 + (5 - -1)))?
18
Evaluate -15 - (7 + -3 + -6 + 12 + -6).
-19
Calculate (-12 - -2) + 15 - (4 + 2).
-1
Calculate -6 - (45 - 41 - (-1 - -16)) - 3.
2
Evaluate 1 + -7 + -5 - (22 + -33).
0
Evaluate 8 - (36 - (59 - 33)).
-2
Calculate (0 - 0) + 2 + (-9 - (-17 - -10)).
0
-40 - (-19 - 0) - -30
9
What is the value of -18 - (-21 - (-34 + 48))?
17
What is -9 + -2 + -9 + (2 + 18 - 4)?
-4
41 + 13 + -47 + 15
22
Calculate -23 + 12 - 1 - -26.
14
What is the value of 2 + -19 - (29 + -22 - 13)?
-11
What is the value of 0 - (17 + 8 + -14 + -19)?
8
What is (59 + -62 - (1 - -1)) + -9?
-14
Evaluate -13 + (-4 + -2 + 3 + 8 - -2).
-6
Evaluate (-5 - 25) + (5 + -6 - -11).
-20
(-2 - (4 - (1 + 0))) + 1 - -6
2
Calculate 33 + -27 - (0 + 7).
-1
What is 55 + -50 - (19 - 9)?
-5
What is the value of -25 - -4 - (7 + -11)?
-17
Evaluate 2 + 2 + 9 + 1 + (-10 - -5).
9
What is 5 + (-5 - (4 - 0)) - (-5 + 29)?
-28
What is the value of (-19 - 5) + 3 + 1 + 3?
-17
What is the value of 11 + 5 - (6 - 7)?
17
Calculate -2 + 45 + -8 + 9 + -20.
24
Evaluate 6 + (-2 - -11 - (133 + -121)).
3
What is the value of -1 - 10 - (-163 + 159)?
-7
What is -5 - ((-6 - 0) + (16 - -1))?
-16
Calculate (27 - -1) + 182 + -196.
14
Calculate 9 - (0 - 1) - 5 - (1 + -1).
5
Calculate (26 - 18) + -13 + -4 + 3.
-6
-3 + (-2 - -3) + -2 - (40 - 60)
16
Evaluate (-2 + -5 - 4) + 15 + -32 - 5.
-33
What is 17 + -5 + -23 - (-4 + 2 + -7)?
-2
What is the value of 17 + -3 - (3 + 13)?
-2
What is -14 + 2 + -19 + 26?
-5
(7 - -7) + -31 + 24
7
92 + -98 - (-40 - 1) - (12 + -2)
25
Evaluate 13 - 16 - (-18 - 12).
27
Calculate 1 - (0 - -11 - 13).
3
Evaluate 19 + (-13 - 13) + -6 + -16.
-29
Calculate 2 - 11 - (19 + -27 - -7).
-8
What is the value of 530 - 579 - (-19 + 1)?
-31
Calculate -8 - (-8 + 25 - 7 - 7).
-11
What is the value of -17 + 17 - -16 - -2?
18
What is -5 + 2 - -14 - (-33 + 26)?
18
Calculate (8 - 25) + 14 + 2.
-1
What is 4 + -9 - -2 - (2 - 4 - -12)?
-13
What is (9 - -1) + -11 - (-3 + 5)?
-3
What is the value of (-5 - (12 + -8)) + (0 - 9)?
-18
Evaluate ((-5 - -5) + -5 - -36) + -4 + 1.
28
27 + (14 - 35) + (0 - -2 - 3)
5
Evaluate 12 + -3 + -9 + 20 + -19.
1
Evaluate -5 - (-8 + (18 - 30)).
15
6 + -7 - 5 - (17 + -3 - 7)
-13
Calculate (4 - 1) + (-2 - -8) + (-29 - -36).
16
Calculate 4 - -5 - (1 - (-4 + 15 + -5)).
14
Evaluate -18 + 45 + -31 + 24 + -1 + -4.
15
Evaluate (1 - -11) + -15 - (13 - 0).
-16
What is the value of 1 - ((-11 - (21 + -10)) + 13)?
10
-4 - -3 - (-2 - 0) - 14
-13
What is the value of -4 - 13 - (-7 - 6)?
-4
Calculate (-6 - (-1 - -1)) + -10 + -1 + 14.
-3
-26 - -17 - (-13 - 23)
27
-39 + 31 + 12 + -4
0
What is the value of 26 + 8 + -32 + (2 - 16)?
-12
(14 + -2 + -12 + 4 - 37) + 8
-25
12 - (8 - (1 - 20))
-15
What is 19 - (0 + 4 + (-1 - 1) + 3)?
14
What is (-37 - -24) + (4 + -5 - -3)?
-11
What is (64 - 51) + -1 + -15?
-3
What is (12 - 17 - 2) + 10?
3
-413 + 420 + -8 + -1
-2
Evaluate -12 + (6 - (-9 + -5 + 4)).
4
Evaluate -2 + -2 + -16 + 6 + -11 + 16.
-9
What is the value of 13 - 17 - (4 - (-7 + -1 - -6))?
-10
What is the value of (27 + -29 - (-12 - 1)) + -6?
5
What is the value of -441 + 436 - (18 - 2)?
-21
What is 300 + -275 + 3 + 2?
30
Evaluate 7 - 13 - (-4 + 14).
-16
What is 80 + -96 + -1 + 3?
-14
What is the value of -6 + 21 + 4 + -17 + (5 - 0)?
7
What is the value of 12 - ((-13 - (-28 + 21)) + 0 + -1)?
19
What is -43 + 37 - (-11 - -1)?
4
What is the value of 2 + (-7 - (-22 + -2 - (-4 + -1)))?
14
Evaluate (13 - (55 + -10 + -8)) + 5.
-19
Evaluate (-1 - 3) + -4 - (-2 + 1 + 3).
-10
What is 9 + 1 - (-7 + (-4 - -17))?
4
What is the value of 7 + (6 + -1 - (10 - -17)) - -3?
-12
Evaluate -13 - (-7 + (5 - (2 + (-6 - -6)))).
-9
What is the value of 370 + -354 - (0 + 10)?
6
What is the value of 10 - 4 - -2 - (-5 - -2)?
11
Calculate 1 - (-13 - 0) - (-141 + (250 - 112)).
17
(0 - 1 - 0) + 14 + -811 + 816
18
-10 + (8 + -7 - -19) - 18
-8
Evaluate 4 + (6 - (2 + 6 + -2)).
4
21 + -35 + -11 - -36
11
Calculate 62 - (6